-51))?
11
Let p = -326 - -339. Suppose p*y - 20*y + 203 = 0. What is the remainder when (-4)/14 + (-387)/(-7) is divided by y?
26
Let o = -11 + 14. Suppose -2*g = 5*d - 5, -3*d - 5*g + o = -0*g. What is the remainder when d/7 - (5 + (-755)/7) is divided by 29?
16
Let u = -10231 - -10258. Suppose -5*s = z - 65 - 32, -5*s + 5*z = -115. Suppose l + 5 = s. What is the remainder when u is divided by l?
12
Let k be -969*(-4 + 65/15). Let j = 331 + k. What is the remainder when 83 is divided by j?
3
Let k = 5556 - 5537. Let i(v) = v**3 - 12*v**2 - 9*v + 4. Calculate the remainder when i(13) is divided by k.
18
Suppose 0 = -2*o - 8, 5 = -3*i - 2*o - 27. Calculate the remainder when 109 is divided by 10*(-5)/20*i.
9
Suppose 40 - 28 = 2*j. Suppose -j*d + 125 = -271. Calculate the remainder when 262 is divided by d.
64
Suppose 300*a = 298*a + 48. What is the remainder when (a/9)/((-32)/(-72)) is divided by 2 + (-1 - 1 - -4)?
2
Suppose -g - 890 = 3*l, -602 = 2*l + 5*g - 0*g. Let m = -258 - l. Calculate the remainder when m is divided by 21.
17
Let m(k) = 102*k + 3352. Calculate the remainder when m(-27) is divided by 36.
22
Calculate the remainder when 103 is divided by 12 - (-2 - 85 - 3).
1
Let o(m) = 10*m**2 + 4*m - 105. Let w be o(8). Let u = -472 + w. Suppose 0 = 3*r + r - 132. What is the remainder when u is divided by r?
29
Suppose 3*g - a + 50 = 222, a + 58 = g. Suppose -8*h - g = -161. Suppose k = h + 10. What is the remainder when 64 is divided by k?
18
Suppose -3065 = -5*n + 4*t, -8*n + 2452 = -4*n + 5*t. Calculate the remainder when n is divided by 181.
70
Let y(b) = -4*b - 32. Let c be y(-9). Suppose s - 77 = -c. Let t = -64 + s. Calculate the remainder when 26 is divided by t.
8
Let p be 12/(-28) + 3 - (-18)/42. Suppose -4*g + p*g = -16. Calculate the remainder when 44 is divided by g.
12
Let f = -768 - -1421. What is the remainder when f is divided by 68?
41
Let s(x) = 3*x**2 + 328*x + 3225. What is the remainder when s(-10) is divided by 118?
9
Suppose -21*v - 199 = -2*q - 20*v, 2*v = 2. Suppose -q - 50 = -10*l. Suppose 25 + 80 = 3*c. What is the remainder when c is divided by l?
5
Let b = 79 + -77. Suppose -5*j + 5*d = d - 17, -4*j - d = -1. Suppose -j = -m + 11. Calculate the remainder when m is divided by b.
0
Let r(p) be the first derivative of 5*p**4/2 + 41*p**3/3 + 3*p**2/2 + 10*p - 102. What is the remainder when 22 is divided by r(-4)?
8
Let f(v) be the first derivative of -41*v**2/2 - 7*v + 8. Let u(z) = -40*z - 6. Let j(k) = 4*f(k) - 3*u(k). Calculate the remainder when j(-5) is divided by 54.
48
Let j(v) = 5*v**2 - 101*v + 23. Let p be j(26). Let c = p - 714. Calculate the remainder when c is divided by 17.
12
Let l(a) = -2*a - a + 4*a - a**2 + 4. Let o be l(4). Let t(u) = -u**3 - 6*u**2 + 13*u - 11. What is the remainder when 21 is divided by t(o)?
8
Let i(o) = -7*o - 11. Let h be i(-2). Suppose -277 = -3*l + f, -l = 4*l - h*f - 463. Calculate the remainder when l - 7/((-7)/(-3)) is divided by 23.
20
Let o(a) = 12*a**2 - 8*a - 54. Suppose 3*s + 3 + 15 = 0. What is the remainder when o(s) is divided by 61?
60
Let p = 60 - 38. Let k(u) = 11*u - 253. Let f(y) = 4*y - 85. Let q(o) = 17*f(o) - 6*k(o). What is the remainder when q(-5) is divided by p?
19
Suppose -4 = 8*q + 4. Suppose p + 3*p = 124. What is the remainder when (-3 - q)/(-10 + (-8459)/(-847)) is divided by p?
30
Let i = -25 - -27. Suppose i*s - 17 = -3*o, -2*o = -s - o + 11. Let u(h) = -7*h. Calculate the remainder when u(-7) is divided by s.
9
What is the remainder when 228 is divided by -3*35/(-15) - -10?
7
Let w = -7 + 15. Suppose 894 - 48 = 18*n. What is the remainder when n is divided by w?
7
Suppose 5*t - 4*d = 96, -83 = t + 2*d - 91. Calculate the remainder when 541 is divided by t.
13
Suppose -218 + 206 = -3*q. Suppose q*f - 2*g - 46 = -4*g, -5*f = 3*g - 60. Let x(m) = -m**2 - 17*m + 18. Calculate the remainder when x(-14) is divided by f.
6
Suppose -3005*a + 182 = -2979*a - 0. Calculate the remainder when 1273 is divided by a.
6
Suppose -4*u - 4*c = -3*c - 138, -72 = -2*u - 2*c. Calculate the remainder when (-5 - 16/(-3))*192 is divided by u.
30
Let n = -2342 + 2417. What is the remainder when 355 is divided by n?
55
Suppose 1015 - 2054 = -60*v + 1661. What is the remainder when v is divided by 30?
15
Let b = -2861 + 3052. Let a(h) = 3*h + 18. What is the remainder when b is divided by a(10)?
47
Suppose -2*k - 5*q + 58 + 17 = 0, -5*q = -15. Let l = k + -27. Suppose 0 = -l*p + 5*p - 134. Calculate the remainder when p is divided by 18.
13
Let m = 72 + -20. Let j = -70 + 44. Let z = j + m. Calculate the remainder when z is divided by 6.
2
Suppose -c = -3*x - 12, -c = -0*c + 3*x. Let u be 4/2 - (2 - (c - 4)). What is the remainder when 80 is divided by 2/(-4)*-55 - 1/u?
26
Suppose 5*m + 3*n = 15 + 46, -4*m + 5*n + 71 = 0. Let g = 286 - -49. What is the remainder when g is divided by m?
13
Suppose -5*w = -6*w + 151. Let v(u) = u + 23. Let l be v(-13). Suppose -l*g = 2*g - 264. Calculate the remainder when w is divided by g.
19
Suppose 5*a + 0*w - 14 = w, -4*w = -a + 18. Suppose -2*v + 6*v = -a*t + 526, 0 = 4*t - 4. Calculate the remainder when v is divided by 67.
64
Suppose 2*f - 34 = -2*q, 5*q - 59 - 50 = 3*f. What is the remainder when 1174 is divided by q?
14
Let x be 2/(-1)*(1 + 0/(-2)). Let y(i) = -7*i + 44. Calculate the remainder when 229 is divided by y(x).
55
Let x = -8 + 11. Suppose -x*u - u + 104 = 0. What is the remainder when -15*(44/(-110) - 40/5) is divided by u?
22
Suppose 4*r = 65*b - 68*b + 1176, 5*b + 1505 = 5*r. What is the remainder when r is divided by 22?
11
Calculate the remainder when (4 - 5) + 1247 - (-5)/(2 + -1) is divided by 33.
30
Let t(r) = -r**3 + 38*r**2 - 75*r - 248. What is the remainder when t(35) is divided by 6?
4
Suppose -5*h + 0*h + 4*c - 292 = 0, -2*h - 97 = 5*c. Let u = 61 + h. What is the remainder when 25 is divided by u?
0
Let h(v) = v**3 - 11*v**2 - 3*v - 89. Suppose 0 = 4*i - 3*i - 62. What is the remainder when i is divided by h(12)?
5
Suppose 2*g + 3*l - 642 = -g, -3*l = 4*g - 859. Calculate the remainder when g is divided by (-834)/(-15) + (112/(-40))/(-7).
49
Suppose -5*m - 15 = 0, 3*n + 5*m - 1090 = -337. Calculate the remainder when n is divided by 9.
4
Let y = -486 - -510. Suppose x - y = -f, -4*x - 2*f = -f - 99. What is the remainder when 68 is divided by x?
18
Let h = 488 + -399. Let j(r) be the second derivative of -r**5/20 + r**4/2 - r**3/6 - 7*r**2/2 + 4*r. Calculate the remainder when h is divided by j(5).
11
Let s = 7166 - 7129. Let b = -1055 - -1496. Calculate the remainder when b is divided by s.
34
Calculate the remainder when 657 is divided by (14 - (-7 - -16) - (-84)/(-9))*-3.
7
Let a(x) be the second derivative of -x**3/2 - 3*x**2 - 144*x. Suppose -7*p + 2*p - 57 = -s, 4*s = 3*p + 24. What is the remainder when 119 is divided by a(p)?
29
Let r(a) = -102*a + 1255. Calculate the remainder when r(9) is divided by 16.
1
Let k = -26 + 47. Suppose 0 = 5*y + 9*y - 14364. What is the remainder when y is divided by k?
18
Let b(i) = i**2 + 5*i - 19. Let j be b(-8). Suppose -n - 3 + j = 0. Calculate the remainder when 57 is divided by -10*2/(n/(-6) + -1).
12
Suppose -9*m + 6*m + 404 = -h, h = 1. Calculate the remainder when 401 is divided by m.
131
What is the remainder when ((-16)/(416/(-195)))/((-1 - 0)/(-58)) is divided by 79?
40
Suppose 33*d - 2*d - 3286 = 0. Calculate the remainder when 449 is divided by d.
25
Let f = 331 - 490. What is the remainder when 3*f/(-3) + 5 is divided by 43?
35
Let j = -1170 - -1742. Suppose 13*z + 0*z = j. What is the remainder when 218 is divided by z?
42
Let y be ((-23)/(-3))/((-2)/36). Suppose -15*r - 2*r - 3417 = 0. Let u = y - r. What is the remainder when u is divided by 6?
3
Let n(a) = 2*a**2 + 254*a - 2071. Calculate the remainder when 524 is divided by n(8).
79
Suppose 5*s + 3*f - 266 = 0, -f + 44 + 10 = s. Suppose -p = -4*c + 167, -3*p + 29 = c + p. What is the remainder when s is divided by c?
11
Suppose -36*z = -40*z + 228. Suppose s + 0*t = -2*t - z, 3*s - t = -136. Let b = 74 + s. Calculate the remainder when 134 is divided by b.
26
Let p(u) = 12*u + 9 - 3 + 1 - u**2. What is the remainder when p(9) is divided by (10/8)/((-1)/(-4) + 0)?
4
Let b = -1068 + 148